te the greatest common factor of 26 and 324298.
26
Calculate the greatest common factor of 4378860 and 1215.
1215
Calculate the greatest common factor of 5251 and 11125.
89
What is the highest common factor of 135 and 1623015?
45
Calculate the highest common factor of 9555 and 1092.
273
What is the greatest common factor of 47 and 637?
1
Calculate the highest common divisor of 9 and 9792009.
9
What is the highest common divisor of 1590 and 15470?
10
Calculate the highest common divisor of 1551 and 527481.
141
What is the greatest common divisor of 181 and 11615313?
181
Calculate the greatest common factor of 252332 and 40576.
1268
What is the highest common divisor of 14484 and 3672?
204
What is the highest common divisor of 2085 and 241443?
417
What is the greatest common factor of 2128 and 36841?
133
What is the highest common divisor of 85720 and 40?
40
Calculate the highest common factor of 60312 and 168.
168
Calculate the greatest common divisor of 1504 and 108617.
47
What is the highest common factor of 59456 and 128?
64
What is the highest common factor of 1440 and 111690?
90
What is the greatest common divisor of 647384 and 88?
8
What is the greatest common factor of 384 and 60036?
12
Calculate the highest common factor of 1476 and 356.
4
Calculate the greatest common divisor of 75859 and 14.
7
What is the highest common factor of 306 and 10642?
34
Calculate the greatest common divisor of 35506 and 902.
82
Calculate the highest common factor of 3920 and 273.
7
What is the greatest common factor of 480 and 68928?
96
Calculate the greatest common factor of 6503 and 209025.
929
Calculate the highest common divisor of 24 and 70424.
8
What is the highest common divisor of 78338 and 393?
131
What is the greatest common divisor of 8330 and 170?
170
Calculate the greatest common factor of 600 and 19620.
60
Calculate the greatest common divisor of 2274 and 24.
6
Calculate the highest common divisor of 1319668 and 1568.
196
Calculate the highest common divisor of 5841 and 99.
99
What is the greatest common factor of 20 and 1630?
10
What is the highest common factor of 54 and 22158?
18
Calculate the highest common divisor of 819 and 531.
9
What is the greatest common divisor of 1431543 and 69?
69
What is the highest common divisor of 6262 and 3838?
202
What is the highest common divisor of 380413 and 11?
11
Calculate the highest common divisor of 93 and 623937.
93
What is the highest common divisor of 8 and 78552?
8
What is the highest common divisor of 831698 and 42?
14
Calculate the highest common factor of 56960 and 122820.
1780
What is the greatest common factor of 4560 and 145065?
285
What is the highest common divisor of 7622 and 146?
2
Calculate the highest common divisor of 98110 and 440.
10
Calculate the greatest common factor of 4 and 636406.
2
Calculate the highest common divisor of 6560 and 200.
40
What is the greatest common divisor of 77672 and 8?
8
Calculate the highest common divisor of 85263 and 2328.
291
Calculate the greatest common factor of 63 and 3773763.
63
What is the greatest common factor of 52993 and 1379?
197
Calculate the highest common factor of 47719 and 119.
119
What is the highest common divisor of 1785 and 339745?
595
Calculate the highest common divisor of 7843 and 55242.
341
Calculate the highest common factor of 696 and 1354764.
348
Calculate the highest common factor of 105 and 173285.
35
Calculate the highest common divisor of 798552 and 432.
216
What is the highest common divisor of 108 and 302652?
36
What is the highest common divisor of 137 and 1319447?
137
Calculate the highest common factor of 33160 and 80.
40
What is the highest common divisor of 655575 and 30?
15
Calculate the greatest common divisor of 69629 and 882.
49
Calculate the greatest common divisor of 12300750 and 924.
462
What is the greatest common factor of 10008 and 459?
9
Calculate the greatest common factor of 13282 and 290.
58
What is the highest common divisor of 934950 and 2300?
1150
Calculate the greatest common factor of 24140 and 748.
68
Calculate the greatest common factor of 1928 and 8.
8
Calculate the greatest common factor of 1888823 and 3226.
1613
What is the highest common factor of 35475 and 3096?
129
What is the greatest common factor of 28432 and 272?
16
Calculate the highest common factor of 308 and 12089.
77
Calculate the highest common divisor of 266 and 109459.
133
Calculate the highest common factor of 28268 and 9168.
764
What is the greatest common divisor of 35 and 309463?
7
What is the highest common divisor of 16244 and 23064?
124
What is the highest common divisor of 210793 and 11?
11
What is the greatest common factor of 20736 and 7344?
432
What is the greatest common divisor of 38 and 108319?
19
What is the highest common divisor of 4 and 93474?
2
Calculate the greatest common factor of 260022 and 4530.
906
What is the highest common factor of 183608 and 4484?
236
What is the greatest common factor of 267904 and 3068?
52
Calculate the highest common divisor of 29 and 269207.
29
Calculate the greatest common factor of 14222 and 13.
13
What is the greatest common factor of 41089 and 153?
17
What is the highest common factor of 33 and 279037?
11
Calculate the highest common divisor of 720 and 5805.
45
Calculate the highest common factor of 21838 and 3294.
122
What is the greatest common divisor of 93132 and 546?
78
Calculate the highest common divisor of 1867201 and 1099.
1099
Calculate the greatest common factor of 8347 and 34861.
491
What is the highest common factor of 19920 and 3606?
6
Calculate the greatest common divisor of 3432 and 277680.
312
Calculate the greatest common factor of 249624 and 120.
24
What is the greatest common factor of 533 and 16237?
13
What is the highest common divisor of 1855 and 95?
5
Calculate the greatest common divisor of 2416 and 93200.
16
What is the highest common divisor of 426316 and 88?
44
What is the greatest common divisor of 817 and 25384?
19
Calculate the highest common divisor of 1241 and 9197.
17
Calculate the greatest common divisor of 5943 and 147.
21
What is the greatest common factor of 58422 and 364?
182
What is the highest common divisor of 50 and 161890?
10
What is the highest common factor of 6657 and 27888?
21
Calculate the highest common divisor of 19966 and 1608.
134
What is the greatest common factor of 2831 and 57?
19
What is the highest common divisor of 12 and 1686?
6
What is the highest common divisor of 248 and 1364?
124
What is the greatest common divisor of 56 and 112924?
28
What is the highest common factor of 17680 and 1430?
130
Calculate the greatest common divisor of 182 and 113834.
14
What is the greatest common factor of 868 and 47957?
217
What is the greatest common factor of 17982 and 3922?
74
What is the greatest common divisor of 28 and 620564?
28
Calculate the greatest common divisor of 188 and 549477.
47
Calculate the greatest common factor of 5751 and 702.
27
What is the highest common divisor of 10948 and 27692?
644
What is the highest common divisor of 99 and 628947?
99
Calculate the greatest common factor of 2 and 276418.
2
What is the greatest common factor of 50295 and 203?
7
Calculate the highest common divisor of 7 and 25697.
7
Calculate the highest common divisor of 38194 and 1560.
26
What is the greatest common factor of 39 and 4607798?
13
What is the greatest common factor of 1280 and 880?
80
Calculate the greatest common factor of 6 and 14004.
6
What is the greatest common factor of 25753 and 5369?
91
What is the greatest common factor of 7820 and 14110?
170
Calculate the greatest common divisor of 1104 and 600.
24
Calculate the greatest common factor of 168885 and 8910.
405
Calculate the highest common divisor of 229235 and 31369.
2413
Calculate the greatest common divisor of 10868 and 156.
52
What is the greatest common divisor of 3600 and 1140?
60
What is the highest common factor of 418 and 475057?
209
What is the greatest common divisor of 14743 and 161?
23
Calculate the greatest common factor of 1938 and 33354.
102
What is the greatest common divisor of 686 and 1704024?
686
Calculate the highest common divisor of 144 and 250188.
12
What is the highest common factor of 25592 and 21022?
914
What is the highest commo